{"id":877,"date":"2024-10-03T16:08:37","date_gmt":"2024-10-03T13:08:37","guid":{"rendered":"https:\/\/daugavkrasts-m256.eu\/?page_id=877"},"modified":"2024-10-03T16:16:15","modified_gmt":"2024-10-03T13:16:15","slug":"daudzdzivoklu-maju-remonta-aizdevums","status":"publish","type":"page","link":"https:\/\/daugavkrasts-m256.eu\/?page_id=877","title":{"rendered":"Daudzdz\u012bvok\u013cu m\u0101ju remonta aizdevums"},"content":{"rendered":"\n<p>Aizdevums daudzdz\u012bvok\u013cu m\u0101ju&nbsp;<strong>remontiem,&nbsp;<\/strong>apk\u0101rt\u0113j\u0101s&nbsp;<strong>teritorijas labiek\u0101rto\u0161anas<\/strong>&nbsp;darbiem un<strong> saist\u012bto pakalpojumu<\/strong> izmaks\u0101m.<\/p>\n\n\n\n<p><strong>Aizdevums<\/strong><\/p>\n\n\n\n<ul>\n<li>No 10 000 EUR vienai m\u0101jai*<\/li>\n\n\n\n<li>L\u012bdz 20 gadiem<\/li>\n\n\n\n<li>Procentu likme ir 3,9% gad\u0101**<\/li>\n<\/ul>\n\n\n\n<p>Nodro\u0161in\u0101jums ir komerc\u0137\u012bla uz pras\u012bjuma ties\u012bb\u0101m pret dz\u012bvok\u013cu \u012bpa\u0161niekiem, kas izriet no dar\u012bjumiem starp pilnvaroto personu un dz\u012bvok\u013cu \u012bpa\u0161niekiem.&nbsp;Nam\u012bpa\u0161niekam par aizdevuma nodro\u0161in\u0101jumu kalpo par aizdevuma l\u012bdzek\u013ciem atjaunojamais nekustamais \u012bpa\u0161ums vai cits nodro\u0161in\u0101jums, ja tas tiek piesaist\u012bts aizdevumam.<\/p>\n\n\n\n<p>* minim\u0101l\u0101s summas ierobe\u017eojums neattiecas uz aizdevumiem, kuri paredz\u0113ti projekta tehnisk\u0101s dokument\u0101cijas izmaksu seg\u0161anai un daudzdz\u012bvok\u013cu m\u0101ju energoefektivit\u0101tes programmas 2022-2026 neattiecin\u0101mo izmaksu seg\u0161anai;<\/p>\n\n\n\n<p>** var tikt piem\u0113rota ar\u012b main\u012bg\u0101 likme, &nbsp;<\/p>\n\n\n\n<p><strong>Aizdevums paredz\u0113ts \u0161\u0101diem daudzdz\u012bvok\u013cu m\u0101jas uzlabojumiem:<\/strong><\/p>\n\n\n\n<ul>\n<li>Norobe\u017eojo\u0161o konstrukciju un koplieto\u0161anas telpu b\u016bvdarbiem, piem\u0113ram, \u0101rsien\u0101m, logu nomai\u0146ai, t.sk., liftu moderniz\u0101cijai vai nomai\u0146ai<\/li>\n\n\n\n<li>In\u017eeniersist\u0113mu atjauno\u0161anai, p\u0101rb\u016bvei vai izveidei<\/li>\n\n\n\n<li>Brauktuves, ietves vai st\u0101vlaukuma izb\u016bvei, p\u0101rb\u016bvei vai atjauno\u0161anai<\/li>\n\n\n\n<li>Apgaismojuma izb\u016bvei, p\u0101rb\u016bvei vai atjauno\u0161anai, uzst\u0101dot energoefekt\u012bvus LED gaismek\u013cus<\/li>\n\n\n\n<li>Citiem labiek\u0101rto\u0161anas darbiem \u2013 b\u0113rnu rota\u013cu laukumu ier\u012bko\u0161anai, soli\u0146u, velo noviet\u0146u, atkritumu urnu, atkritumu konteineru novieto\u0161anas un sporta laukumu, ve\u013cas \u017e\u0101v\u0113tavu ier\u012bko\u0161anai, p\u0101rb\u016bvei vai atjauno\u0161anai u.c.<\/li>\n\n\n\n<li>Jaunu apst\u0101d\u012bjumu izveidei<\/li>\n\n\n\n<li>Projekta vad\u012bbai, autoruzraudz\u012bbai un b\u016bvuzraudz\u012bbai<\/li>\n\n\n\n<li>Projekta tehnisk\u0101s dokument\u0101cijas izmaks\u0101m<\/li>\n\n\n\n<li>Daudzdz\u012bvok\u013cu m\u0101ju energoefektivit\u0101tes programmas 2022-2026 neattiecin\u0101mo izmaksu, tai sk. PVN finans\u0113\u0161anai<\/li>\n<\/ul>\n\n\n\n<p>Pakalpojuma sniedz\u0113js var sa\u0146emt avansa maks\u0101jumu l\u012bdz 35% no l\u012bguma summas, ja pakalpojuma sniedz\u0113js nodro\u0161ina kred\u012btiest\u0101des piepras\u012bjuma garantiju avansa maks\u0101juma atmaksai vai avansa maks\u0101juma garantijas apdro\u0161in\u0101\u0161anu avansa r\u0113\u0137ina apm\u0113r\u0101, kura ir sp\u0113k\u0101 vis\u0101 l\u012bguma darb\u012bbas laik\u0101<\/p>\n\n\n\n<p><strong>Aizdevumam var pieteikties, ja:<\/strong><\/p>\n\n\n\n<ul>\n<li>Iedz\u012bvot\u0101ji ir nobalsoju\u0161i par projekta realiz\u0101ciju un aizdevuma sa\u0146em\u0161anu (l\u0113mums ir pie\u0146emts, ja \u201cpar\u201d nobalso dz\u012bvok\u013cu \u012bpa\u0161nieki, kuri p\u0101rst\u0101v vair\u0101k nek\u0101 pusi no visiem dz\u012bvok\u013cu \u012bpa\u0161umiem (50 % +1). Regul\u0113jums attiec\u012bb\u0101 uz kop\u012bpa\u0161um\u0101 eso\u0161iem dz\u012bvok\u013ciem \u2013 nepiecie\u0161ams 100% balsis)<\/li>\n\n\n\n<li>M\u0101jas par\u0101dsaist\u012bbas par sa\u0146emtajiem pakalpojumiem (apsaimnieko\u0161ana, atkritumi, siltumapg\u0101de, \u016bdens u.c. pakalpojumi) ir maz\u0101ks par 10% no visu pakalpojumu r\u0113\u0137inu summas p\u0113d\u0113jo 12 m\u0113ne\u0161u laik\u0101<\/li>\n\n\n\n<li>Ir pamatota aizdevuma atmaks\u0101\u0161anas iesp\u0113ja<\/li>\n\n\n\n<li>Ir sa\u0146emts&nbsp;kred\u012btiest\u0101des atteikums aizdevuma pie\u0161\u0137ir\u0161anai.<\/li>\n<\/ul>\n\n\n\n<p>Atbalsts tiek sniegts k\u0101 de minimis atbalsts saska\u0146\u0101 ar 13.12.2023. Komisijas Regulu (ES) Nr.2023\/2831. Programmu regul\u0113jo\u0161ie 06.07.2021. MK noteikumi Nr.481. <a rel=\"noreferrer noopener\" href=\"https:\/\/likumi.lv\/ta\/id\/324585-atbalsta-programmas-nosacijumi-buvdarbiem-daudzdzivoklu-majas-un-to-teritoriju-labiekartosanai?&amp;search=on\" target=\"_blank\">Atbalsta programmas nosac\u012bjumi b\u016bvdarbiem daudzdz\u012bvok\u013cu m\u0101j\u0101s, to teritoriju labiek\u0101rto\u0161anai un daudzdz\u012bvok\u013cu m\u0101j\u0101m noteikto atsavin\u0101mo zemju izpirk\u0161anai<\/a><\/p>\n\n\n\n<p><\/p>\n\n\n\n<p><\/p>\n","protected":false},"excerpt":{"rendered":"<p>Aizdevums daudzdz\u012bvok\u013cu m\u0101ju&nbsp;remontiem,&nbsp;apk\u0101rt\u0113j\u0101s&nbsp;teritorijas labiek\u0101rto\u0161anas&nbsp;darbiem un saist\u012bto pakalpojumu izmaks\u0101m. Aizdevums Nodro\u0161in\u0101jums ir komerc\u0137\u012bla uz pras\u012bjuma ties\u012bb\u0101m pret dz\u012bvok\u013cu \u012bpa\u0161niekiem, kas izriet no dar\u012bjumiem starp pilnvaroto personu un dz\u012bvok\u013cu \u012bpa\u0161niekiem.&nbsp;Nam\u012bpa\u0161niekam par aizdevuma nodro\u0161in\u0101jumu kalpo par aizdevuma l\u012bdzek\u013ciem atjaunojamais nekustamais \u012bpa\u0161ums vai cits nodro\u0161in\u0101jums, ja tas tiek piesaist\u012bts aizdevumam. * minim\u0101l\u0101s summas ierobe\u017eojums neattiecas uz aizdevumiem, kuri paredz\u0113ti [&hellip;]<\/p>\n","protected":false},"author":1,"featured_media":0,"parent":0,"menu_order":0,"comment_status":"closed","ping_status":"closed","template":"","meta":{"footnotes":""},"featured_image_src":"","featured_image_src_square":false,"rbea_author_info":{"display_name":"Shuherman","author_link":"https:\/\/daugavkrasts-m256.eu\/?author=1"},"rbea_excerpt_info":"Aizdevums daudzdz\u012bvok\u013cu m\u0101ju&nbsp;remontiem,&nbsp;apk\u0101rt\u0113j\u0101s&nbsp;teritorijas labiek\u0101rto\u0161anas&nbsp;darbiem un saist\u012bto pakalpojumu izmaks\u0101m. Aizdevums Nodro\u0161in\u0101jums ir komerc\u0137\u012bla uz pras\u012bjuma ties\u012bb\u0101m pret dz\u012bvok\u013cu \u012bpa\u0161niekiem, kas izriet no dar\u012bjumiem starp pilnvaroto personu un dz\u012bvok\u013cu \u012bpa\u0161niekiem.&nbsp;Nam\u012bpa\u0161niekam par aizdevuma nodro\u0161in\u0101jumu kalpo par aizdevuma l\u012bdzek\u013ciem atjaunojamais nekustamais \u012bpa\u0161ums vai cits nodro\u0161in\u0101jums, ja tas tiek piesaist\u012bts aizdevumam. * minim\u0101l\u0101s summas ierobe\u017eojums neattiecas uz aizdevumiem, kuri paredz\u0113ti [&hellip;]","_links":{"self":[{"href":"https:\/\/daugavkrasts-m256.eu\/index.php?rest_route=\/wp\/v2\/pages\/877"}],"collection":[{"href":"https:\/\/daugavkrasts-m256.eu\/index.php?rest_route=\/wp\/v2\/pages"}],"about":[{"href":"https:\/\/daugavkrasts-m256.eu\/index.php?rest_route=\/wp\/v2\/types\/page"}],"author":[{"embeddable":true,"href":"https:\/\/daugavkrasts-m256.eu\/index.php?rest_route=\/wp\/v2\/users\/1"}],"replies":[{"embeddable":true,"href":"https:\/\/daugavkrasts-m256.eu\/index.php?rest_route=%2Fwp%2Fv2%2Fcomments&post=877"}],"version-history":[{"count":2,"href":"https:\/\/daugavkrasts-m256.eu\/index.php?rest_route=\/wp\/v2\/pages\/877\/revisions"}],"predecessor-version":[{"id":886,"href":"https:\/\/daugavkrasts-m256.eu\/index.php?rest_route=\/wp\/v2\/pages\/877\/revisions\/886"}],"wp:attachment":[{"href":"https:\/\/daugavkrasts-m256.eu\/index.php?rest_route=%2Fwp%2Fv2%2Fmedia&parent=877"}],"curies":[{"name":"wp","href":"https:\/\/api.w.org\/{rel}","templated":true}]}}