{"id":800,"date":"2024-02-03T23:11:47","date_gmt":"2024-02-03T20:11:47","guid":{"rendered":"https:\/\/daugavkrasts-m256.eu\/?page_id=800"},"modified":"2024-02-03T23:11:47","modified_gmt":"2024-02-03T20:11:47","slug":"klientiem","status":"publish","type":"page","link":"https:\/\/daugavkrasts-m256.eu\/?page_id=800","title":{"rendered":"KLIENTIEM"},"content":{"rendered":"\n<p>Daudzdz\u012bvok\u013cu dz\u012bvojamo m\u0101ju \u012bpa\u0161niekiem<\/p>\n\n\n\n<p>Daudzdz\u012bvok\u013cu dz\u012bvojamo m\u0101ju Kopib\u0101m (dz\u012bvok\u013cu \u012bpa\u0161niekiem)<\/p>\n\n\n\n<p>Daudzdz\u012bvok\u013cu dz\u012bvojamo m\u0101ju biedr\u012bb\u0101m<\/p>\n\n\n\n<p>Jauno projektu p\u0101rvald\u012b\u0161ana<\/p>\n","protected":false},"excerpt":{"rendered":"<p>Daudzdz\u012bvok\u013cu dz\u012bvojamo m\u0101ju \u012bpa\u0161niekiem Daudzdz\u012bvok\u013cu dz\u012bvojamo m\u0101ju Kopib\u0101m (dz\u012bvok\u013cu \u012bpa\u0161niekiem) Daudzdz\u012bvok\u013cu dz\u012bvojamo m\u0101ju biedr\u012bb\u0101m Jauno projektu p\u0101rvald\u012b\u0161ana<\/p>\n","protected":false},"author":1,"featured_media":0,"parent":0,"menu_order":0,"comment_status":"closed","ping_status":"closed","template":"","meta":{"footnotes":""},"featured_image_src":"","featured_image_src_square":false,"rbea_author_info":{"display_name":"Shuherman","author_link":"https:\/\/daugavkrasts-m256.eu\/?author=1"},"rbea_excerpt_info":"Daudzdz\u012bvok\u013cu dz\u012bvojamo m\u0101ju \u012bpa\u0161niekiem Daudzdz\u012bvok\u013cu dz\u012bvojamo m\u0101ju Kopib\u0101m (dz\u012bvok\u013cu \u012bpa\u0161niekiem) Daudzdz\u012bvok\u013cu dz\u012bvojamo m\u0101ju biedr\u012bb\u0101m Jauno projektu p\u0101rvald\u012b\u0161ana","_links":{"self":[{"href":"https:\/\/daugavkrasts-m256.eu\/index.php?rest_route=\/wp\/v2\/pages\/800"}],"collection":[{"href":"https:\/\/daugavkrasts-m256.eu\/index.php?rest_route=\/wp\/v2\/pages"}],"about":[{"href":"https:\/\/daugavkrasts-m256.eu\/index.php?rest_route=\/wp\/v2\/types\/page"}],"author":[{"embeddable":true,"href":"https:\/\/daugavkrasts-m256.eu\/index.php?rest_route=\/wp\/v2\/users\/1"}],"replies":[{"embeddable":true,"href":"https:\/\/daugavkrasts-m256.eu\/index.php?rest_route=%2Fwp%2Fv2%2Fcomments&post=800"}],"version-history":[{"count":1,"href":"https:\/\/daugavkrasts-m256.eu\/index.php?rest_route=\/wp\/v2\/pages\/800\/revisions"}],"predecessor-version":[{"id":801,"href":"https:\/\/daugavkrasts-m256.eu\/index.php?rest_route=\/wp\/v2\/pages\/800\/revisions\/801"}],"wp:attachment":[{"href":"https:\/\/daugavkrasts-m256.eu\/index.php?rest_route=%2Fwp%2Fv2%2Fmedia&parent=800"}],"curies":[{"name":"wp","href":"https:\/\/api.w.org\/{rel}","templated":true}]}}